{"id":2,"date":"2021-04-06T17:58:41","date_gmt":"2021-04-06T17:58:41","guid":{"rendered":"http:\/\/mondo.in.rs\/?page_id=2"},"modified":"2021-04-16T13:31:20","modified_gmt":"2021-04-16T13:31:20","slug":"sample-page","status":"publish","type":"page","link":"https:\/\/mondo.in.rs\/","title":{"rendered":"O NAMA"},"content":{"rendered":"\n<p class=\"has-text-align-left\">Radnja MONDO po\u010dela je sa radom 01.06.2008. godine uz prethodno petogodi\u0161nje iskustvo njenog vlasnika. Bavi se proizvodnjom i recikliranjem toner kaseta za laserske \u0161tampa\u010de kao i servisom \u0161tampa\u010da.<\/p>\n\n\n\n<p>Trudimo se da, ugradnjom kvalitetnih rezervnih delova, ispunimo sve zahtevnije potrebe kupaca. Cilj poslovanja radnje-servisa je da se ostvari \u0161to bolji odnos na relaciji cene i kvaliteta.<\/p>\n\n\n\n<p>Garancija MONDO toner kasete je 12 meseci. Garancija se odnosi na ispravnost rada kaseta ( kvalitet otiska) i na broj od\u0161tampanih strana.<\/p>\n\n\n\n<p>Za svaku kupljenu toner kasetu obezbedjena je besplatna isporuka do kupca i to li\u010dno ili brzom po\u0161tom u roku od 24 \u010dasa.<\/p>\n\n\n\n<p>Na\u0161a najve\u0107a reklama je preporuka zadovoljnih kupaca.<\/p>\n\n\n\n<p class=\"has-text-align-center\"><strong>PROIZVODI<\/strong><\/p>\n\n\n\n<figure class=\"wp-block-table\"><table><tbody><tr><td><strong>MONDO TONER ZA HP 1010\/1018\/1020\/3015(12A)<\/strong><\/td><\/tr><tr><td><strong>MONDO TONER ZA HP 1200\/1000\/1005w\/3300(15A)<\/strong><\/td><\/tr><tr><td><strong>MONDO TONER ZA HP 1300(13A)<\/strong><\/td><\/tr><tr><td><strong>MONDO TONER ZA HP 1320\/1160(49A)<\/strong><\/td><\/tr><tr><td><strong>MONDO TONER ZA HP 1100\/1100A\/3200(92A)<\/strong><\/td><\/tr><tr><td><strong>MONDO TONER ZA HP 1150(24A)<\/strong><\/td><\/tr><tr><td><strong>MONDO TONER ZA HP 5L\/6L\/3100(06A)<\/strong><\/td><\/tr><tr><td><strong>MONDO TONER ZA HP 5P\/6P(03A)<\/strong><\/td><\/tr><tr><td><strong>MONDO TONER ZA HP 4L\/4P(74A)<\/strong><\/td><\/tr><tr><td><strong>MONDO TONER ZA HP4\/4+\/4M\/5\/5M(98A)<\/strong><\/td><\/tr><tr><td><strong>MONDO TONER ZA HP 2100\/2200(96A)<\/strong><\/td><\/tr><tr><td><strong>MONDO TONER ZA HP 2300(10A)<\/strong><\/td><\/tr><tr><td><strong>MONDO TONER ZA HP 2400\/2410\/2420(11A)<\/strong><\/td><\/tr><tr><td><strong>MONDO TONER ZA HP 2015\/2014(53A)<\/strong><\/td><\/tr><tr><td><strong>MONDO TONER ZA HP 5000(29A)<\/strong><\/td><\/tr><tr><td><strong>MONDO TONER ZA HP 1606\/1560\/1566\/1536(78A)<\/strong><\/td><\/tr><tr><td><strong>MONDO TONER ZA HP 4000\/4050(27A)<\/strong><\/td><\/tr><tr><td><strong>MONDO TONER ZA HP 400\/401 (80A)<\/strong><\/td><\/tr><tr><td><strong>MONDO TONER ZA HP 3005(51A)<\/strong><\/td><\/tr><tr><td><strong>MONDO TONER ZA HP 1005\/1006(35A)<\/strong><\/td><\/tr><tr><td><strong>MONDO TONER ZA HP 1505\/1522\/1120(36A)<\/strong><\/td><\/tr><tr><td><strong>MONDO TONER ZA HP 2035\/2055(05A)<\/strong><\/td><\/tr><tr><td><strong>MONDO TONER ZA HP 1102\/1132\/1212(85A)<\/strong><\/td><\/tr><tr><td><strong>MONDO TONER ZA HP M125\/M127\/M201\/M225 (83A)<\/strong><\/td><\/tr><tr><td><strong>MONDO TONER ZA CANON FX10<\/strong><\/td><\/tr><tr><td><strong>MONDO TONER ZA CANON PC330\/240\/120\/840<\/strong><\/td><\/tr><tr><td><strong>MONDO TONER ZA CANON EP-27<\/strong><\/td><\/tr><tr><td><strong>MONDO TONER ZA&nbsp; LEXMARK E-120<\/strong><\/td><\/tr><tr><td><strong>MONDO TONER ZA LEXMARK T-640<\/strong><\/td><\/tr><tr><td><strong>MONDO TONER ZA LEXMARK E-220\/321\/323<\/strong><\/td><\/tr><tr><td><strong>MONDO TONER ZA LEXMARK E-232\/240\/330\/332\/340\/342<\/strong><\/td><\/tr><tr><td><strong>MONDO TONER ZA LEXMARK E-310\/312\/312L<\/strong><\/td><\/tr><tr><td><strong>MONDO TONER ZA LEXMARK X-203\/204<\/strong><\/td><\/tr><tr><td><strong>MONDO TONER ZA LEXMARK X-340<\/strong><\/td><\/tr><tr><td><strong>MONDO TONER ZA LEXMARK E-250\/350\/352<\/strong><\/td><\/tr><tr><td><strong>MONDO TONER ZA SAMSUNG ML2020\/2070 (MLT-111)<\/strong><\/td><\/tr><tr><td><strong>MONDO TONER ZA SAMSUNG ML-1510\/1710\/4216<\/strong><\/td><\/tr><tr><td><strong>MONDO TONER ZA SAMSUNG ML-1520<\/strong><\/td><\/tr><tr><td><strong>MONDO TONER ZA SAMSUNG ML-2010\/1610\/4521<\/strong><\/td><\/tr><tr><td><strong>MONDO TONER ZA SAMSUNG ML-2160\/2165\/SCX3400(MLT-101)<\/strong><\/td><\/tr><tr><td><strong>MONDO TONER ZA SAMSUNG ML1640\/2240 (MLT-108)<\/strong><\/td><\/tr><tr><td><strong>MONDO TONER ZA SAMSUNG ML-1660,1665,1675,SCX3200(MLT-104)<\/strong><\/td><\/tr><tr><td><strong>MONDO TONER ZA SAMSUNG ML-1910,SCX 4600,4623(MLT-105)&nbsp;&nbsp;&nbsp;&nbsp;&nbsp;&nbsp;&nbsp;&nbsp;&nbsp;&nbsp;&nbsp;&nbsp;<\/strong><\/td><\/tr><tr><td><strong>MONDO TONER ZA SAMSUNG SCX 4100<\/strong><\/td><\/tr><tr><td><strong>MONDO TONER ZA SAMSUNG SCX 4200<\/strong><\/td><\/tr><tr><td><strong>MONDO TONER ZA SAMSUNG SCX 4300(MLT109)<\/strong><\/td><\/tr><tr><td><strong>MONDO TONER ZA EPSON M-1200<\/strong><\/td><\/tr><tr><td><strong>MONDO TONER ZA EPSON 6200<\/strong><\/td><\/tr><tr><td><strong>MONDO TONER ZA HP 1215\/1515 BLACK 540<\/strong><\/td><\/tr><tr><td><strong>MONDO TONER ZA HP 1215\/1515 CYAN 541<\/strong><\/td><\/tr><tr><td><strong>MONDO TONER ZA HP 1215\/1515 YELLOW 542<\/strong><\/td><\/tr><tr><td><strong>MONDO TONER ZA HP 1215\/1515 MAGENTA 543<\/strong><\/td><\/tr><tr><td><strong>MONDO TONER ZA HP 1600\/2600 BLACK 6000<\/strong><\/td><\/tr><tr><td><strong>MONDO TONER ZA HP 1600\/2600 CYAN 6001<\/strong><\/td><\/tr><tr><td><strong>MONDO TONER ZA HP 1600\/2600 YELLOW 6002<\/strong><\/td><\/tr><tr><td><strong>MONDO TONER ZA HP 1600\/2600 MAGENTA 6003<\/strong><\/td><\/tr><tr><td><strong>MONDO TONER ZA HP 1025 BLACK 310<\/strong><\/td><\/tr><tr><td><strong>MONDO TONER ZA HP 1025 CYAN 311<\/strong><\/td><\/tr><tr><td><strong>MONDO TONER ZA HP 1025 YELLOW 312<\/strong><\/td><\/tr><tr><td><strong>MONDO TONER ZA HP 1025 MAGENTA 313<\/strong><\/td><\/tr><tr><td><strong>MONDO TONER KYOCERA 1040\/1120\/1020(TK110)<\/strong><\/td><\/tr><\/tbody><\/table><\/figure>\n\n\n\n<p class=\"has-text-align-center\"><strong>SERVIS<\/strong><\/p>\n\n\n\n<p>Radnja MONDO vr\u0161i servis laserskih \u0161tampa\u010da i to svih brendova na na\u0161em tr\u017ei\u0161tu u vangarantnom roku.<\/p>\n\n\n\n<p class=\"has-text-align-center\"><strong>KONTAKT<\/strong><\/p>\n\n\n\n<p class=\"has-text-align-center\"><strong>MONDO<\/strong><\/p>\n\n\n\n<p class=\"has-text-align-center\"><strong>Dragi\u0161e Cvetkovi\u0107 55\/4<\/strong><\/p>\n\n\n\n<p class=\"has-text-align-center\"><strong>18000 Ni\u0161<\/strong><\/p>\n\n\n\n<p class=\"has-text-align-center\"><strong>tel: 065\/202-22-92<\/strong><\/p>\n\n\n\n<p class=\"has-text-align-center\"><strong>&nbsp;&nbsp;&nbsp;&nbsp;&nbsp; 018\/535-136<\/strong><\/p>\n\n\n\n<p class=\"has-text-align-center\"><strong>mail: <a href=\"mailto:vladamondo@gmail.com\">vladamondo@gmail.com<\/a><\/strong><\/p>\n\n\n\n<p class=\"has-text-align-center\"><strong><a href=\"http:\/\/www.mondo.in.rs\/\">www.mondo.in.rs<\/a><\/strong><\/p>\n","protected":false},"excerpt":{"rendered":"<p>Radnja MONDO po\u010dela je sa radom 01.06.2008. godine uz prethodno petogodi\u0161nje iskustvo njenog vlasnika. Bavi se proizvodnjom i recikliranjem toner kaseta za laserske \u0161tampa\u010de kao i servisom \u0161tampa\u010da. Trudimo se da, ugradnjom kvalitetnih rezervnih delova, ispunimo sve zahtevnije potrebe kupaca. Cilj poslovanja radnje-servisa je da se ostvari \u0161to bolji odnos na relaciji cene i kvaliteta. [&hellip;]<\/p>\n","protected":false},"author":1,"featured_media":0,"parent":0,"menu_order":0,"comment_status":"closed","ping_status":"open","template":"","meta":{"footnotes":""},"class_list":["post-2","page","type-page","status-publish","hentry"],"yoast_head":"<!-- This site is optimized with the Yoast SEO plugin v16.1.1 - https:\/\/yoast.com\/wordpress\/plugins\/seo\/ -->\n<title>O NAMA - MONDO<\/title>\n<link rel=\"canonical\" href=\"https:\/\/mondo.in.rs\/\" \/>\n<meta property=\"og:locale\" content=\"en_US\" \/>\n<meta property=\"og:type\" content=\"article\" \/>\n<meta property=\"og:title\" content=\"O NAMA - MONDO\" \/>\n<meta property=\"og:description\" content=\"Radnja MONDO po\u010dela je sa radom 01.06.2008. godine uz prethodno petogodi\u0161nje iskustvo njenog vlasnika. Bavi se proizvodnjom i recikliranjem toner kaseta za laserske \u0161tampa\u010de kao i servisom \u0161tampa\u010da. Trudimo se da, ugradnjom kvalitetnih rezervnih delova, ispunimo sve zahtevnije potrebe kupaca. Cilj poslovanja radnje-servisa je da se ostvari \u0161to bolji odnos na relaciji cene i kvaliteta. [&hellip;]\" \/>\n<meta property=\"og:url\" content=\"https:\/\/mondo.in.rs\/\" \/>\n<meta property=\"og:site_name\" content=\"MONDO\" \/>\n<meta property=\"article:modified_time\" content=\"2021-04-16T13:31:20+00:00\" \/>\n<meta name=\"twitter:card\" content=\"summary_large_image\" \/>\n<meta name=\"twitter:label1\" content=\"Est. reading time\">\n\t<meta name=\"twitter:data1\" content=\"3 minutes\">\n<script type=\"application\/ld+json\" class=\"yoast-schema-graph\">{\"@context\":\"https:\/\/schema.org\",\"@graph\":[{\"@type\":\"WebSite\",\"@id\":\"https:\/\/mondo.in.rs\/#website\",\"url\":\"https:\/\/mondo.in.rs\/\",\"name\":\"MONDO\",\"description\":\"\",\"potentialAction\":[{\"@type\":\"SearchAction\",\"target\":\"https:\/\/mondo.in.rs\/?s={search_term_string}\",\"query-input\":\"required name=search_term_string\"}],\"inLanguage\":\"en-US\"},{\"@type\":[\"WebPage\",\"AboutPage\"],\"@id\":\"https:\/\/mondo.in.rs\/#webpage\",\"url\":\"https:\/\/mondo.in.rs\/\",\"name\":\"O NAMA - MONDO\",\"isPartOf\":{\"@id\":\"https:\/\/mondo.in.rs\/#website\"},\"datePublished\":\"2021-04-06T17:58:41+00:00\",\"dateModified\":\"2021-04-16T13:31:20+00:00\",\"breadcrumb\":{\"@id\":\"https:\/\/mondo.in.rs\/#breadcrumb\"},\"inLanguage\":\"en-US\",\"potentialAction\":[{\"@type\":\"ReadAction\",\"target\":[\"https:\/\/mondo.in.rs\/\"]}]},{\"@type\":\"BreadcrumbList\",\"@id\":\"https:\/\/mondo.in.rs\/#breadcrumb\",\"itemListElement\":[{\"@type\":\"ListItem\",\"position\":1,\"item\":{\"@type\":\"WebPage\",\"@id\":\"https:\/\/mondo.in.rs\/\",\"url\":\"https:\/\/mondo.in.rs\/\",\"name\":\"Home\"}},{\"@type\":\"ListItem\",\"position\":2,\"item\":{\"@type\":\"WebPage\",\"@id\":\"https:\/\/mondo.in.rs\/\",\"url\":\"https:\/\/mondo.in.rs\/\",\"name\":\"O NAMA\"}}]}]}<\/script>\n<!-- \/ Yoast SEO plugin. -->","_links":{"self":[{"href":"https:\/\/mondo.in.rs\/index.php\/wp-json\/wp\/v2\/pages\/2","targetHints":{"allow":["GET"]}}],"collection":[{"href":"https:\/\/mondo.in.rs\/index.php\/wp-json\/wp\/v2\/pages"}],"about":[{"href":"https:\/\/mondo.in.rs\/index.php\/wp-json\/wp\/v2\/types\/page"}],"author":[{"embeddable":true,"href":"https:\/\/mondo.in.rs\/index.php\/wp-json\/wp\/v2\/users\/1"}],"replies":[{"embeddable":true,"href":"https:\/\/mondo.in.rs\/index.php\/wp-json\/wp\/v2\/comments?post=2"}],"version-history":[{"count":4,"href":"https:\/\/mondo.in.rs\/index.php\/wp-json\/wp\/v2\/pages\/2\/revisions"}],"predecessor-version":[{"id":44,"href":"https:\/\/mondo.in.rs\/index.php\/wp-json\/wp\/v2\/pages\/2\/revisions\/44"}],"wp:attachment":[{"href":"https:\/\/mondo.in.rs\/index.php\/wp-json\/wp\/v2\/media?parent=2"}],"curies":[{"name":"wp","href":"https:\/\/api.w.org\/{rel}","templated":true}]}}